to base 13.
1357759
What is 2b239 (base 14) in base 7?
625202
What is -10010100011100101001 (base 2) in base 13?
-1839b5
What is -10231123414 (base 5) in base 8?
-51151106
What is 311231033200 (base 4) in base 8?
65551740
What is -127124 (base 10) in base 5?
-13031444
Convert -1a7aa5 (base 15) to base 13.
-362bc1
Convert 514176 (base 9) to base 5.
34223442
1201212122 (base 5) to base 12
b0b6b6
What is -1110110100110000100 (base 2) in base 10?
-485764
2148627 (base 9) to base 14
220a58
What is -22aaa4 (base 15) in base 13?
-45ca96
Convert -284636 (base 15) to base 5.
-444014101
What is 2200301333 (base 4) in base 6?
22040515
Convert 12202020000200 (base 3) to base 2.
1011101001111010011001
What is 1035154 (base 7) in base 2?
11110111010111111
What is 342501 (base 11) in base 10?
544985
110110010011100011110 (base 2) to base 12
719966
What is -1424645 (base 9) in base 16?
-bf74a
What is -11436254 (base 7) in base 4?
-3320133122
Convert 240170 (base 8) to base 3.
11011112112
What is -7731426 (base 9) in base 3?
-21211001110220
-4055586 (base 10) to base 13
-abcc72
What is 113442311 (base 6) in base 9?
4015467
254256664 (base 7) to base 9
33368434
What is -11324433001 (base 5) in base 6?
-1145143502
What is 233300411 (base 5) in base 16?
105b6d
Convert -41125114 (base 7) to base 14.
-655c7b
6222650 (base 9) to base 5
1322244410
What is -1112022 (base 4) in base 9?
-7506
Convert -567518 (base 9) to base 3.
-122021120122
-8401488 (base 9) to base 6
-240113425
Convert 1014161 (base 7) to base 9.
204615
Convert 2123561 (base 7) to base 2.
111111000010110000
22111310321 (base 4) to base 2
1010010101110100111001
-626981 (base 10) to base 9
-1155045
Convert -20525652 (base 7) to base 10.
-1737969
299893 (base 11) to base 2
1110001111111101000
Convert 102000222232 (base 4) to base 9.
8785387
Convert -2004210302 (base 5) to base 12.
-13b8906
What is 222573 (base 9) in base 16?
2081d
What is 38696 (base 13) in base 6?
2123152
Convert 43342331 (base 5) to base 3.
200212201122
17360613 (base 8) to base 10
4055435
9c834 (base 15) to base 3
221022002111
What is -2778126 (base 11) in base 10?
-4783763
12200011220021 (base 3) to base 6
144342354
-1000010001101010000011 (base 2) to base 12
-887597
Convert -129c4ab (base 13) to base 2.
-10110010101000110111001
What is -424438 (base 11) in base 2?
-10100101110110100111
What is -13414221 (base 6) in base 14?
-bb273
Convert 62400 (base 9) to base 11.
28a08
-4363345 (base 7) to base 5
-114133012
370088 (base 10) to base 11
233064
def7 (base 16) to base 6
1120131
Convert 1010111101100 (base 3) to base 13.
18029a
Convert -20000111000020 (base 3) to base 2.
-1100001100110010110001
What is -1017a17 (base 14) in base 10?
-7589141
152433 (base 9) to base 2
10110110111100010
Convert -4a362 (base 11) to base 6.
-1314425
What is -1015415100 (base 6) in base 14?
-15a7c3a
Convert -26c7a (base 14) to base 7.
-546113
What is -2e985 (base 15) in base 13?
-53756
Convert -422506 (base 7) to base 13.
-2729b
73377 (base 13) to base 14
556a7
What is 13883ac (base 15) in base 2?
110101110010110001010011
What is -70773 (base 10) in base 16?
-11475
6c1fd7 (base 16) to base 5
3303223124
122104051 (base 7) to base 4
131033123320
Convert -632a5 (base 15) to base 16.
-4cc70
-113330032031 (base 4) to base 13
-13b97ca
What is 110101100101101110001 (base 2) in base 12?
708269
-9da8a8 (base 14) to base 2
-10100011110110010010100
Convert 10010210020111 (base 3) to base 9.
3123214
-1000010000110111 (base 2) to base 10
-33847
Convert -424410 (base 5) to base 3.
-201200200
What is 4519578 (base 10) in base 7?
53262420
-14172760 (base 9) to base 14
-d08aba
413d1 (base 16) to base 8
1011721
10453211 (base 6) to base 14
83d9d
What is -110010000000110101 (base 2) in base 4?
-302000311
24933 (base 14) to base 13
31a38
Convert -423387 (base 9) to base 13.
-8a814
What is 1619183 (base 11) in base 10?
2764699
Convert 1323022122 (base 4) to base 5.
112120344
1426520 (base 8) to base 10
404816
What is 1918d4 (base 16) in base 14?
30b588
Convert 1675008 (base 12) to base 9.
8640868
8d8b58 (base 14) to base 3
100002012021122
Convert -116810 (base 9) to base 3.
-10120220100
What is 13041 (base 8) in base 12?
3341
What is -4716426 (base 9) in base 15?
-355a10
Convert -51776655 (base 8) to base 10.
-11009453
-382dc (base 16) to base 8
-701334
Convert 552420 (base 6) to base 10.
45948
What is -1201121200 (base 3) in base 10?
-33984
Convert -2c065a (base 13) to base 7.
-12143240
15124343 (base 6) to base 3
222122121000
866782 (base 9) to base 5
113014043
What is 186318 (base 9) in base 3?
12220100122
What is 6254734 (base 9) in base 14?
630463
What is -2754413 (base 9) in base 7?
-15565662
Convert -142411234 (base 5) to base 9.
-1358571
Convert 16526565 (base 7) to base 4.
12023222100
What is 23a3094 (base 11) in base 8?
17735615
481c50 (base 15) to base 11
1a46027
Convert -62bfc4 (base 16) to base 12.
-2201198
Convert -324608 (base 11) to base 2.
-1111110100101011101
-1441141013 (base 5) to base 4
-32223310210
Convert 1111010011000101 (base 2) to base 9.
104853
-c60b (base 16) to base 15
-1004e
What is -516368 (base 9) in base 15?
-60c25
6360b (base 12) to base 14
35799
Convert 75b872 (base 13) to base 12.
b15664
What is -39a604 (base 11) in base 10?
-628962
Convert -e4a6 (base 16) to base 6.
-1130554
Convert 779b9c (base 13) to base 5.
1210230424
Convert -11046230 (base 7) to base 5.
-220443343
-102203311231 (base 4) to base 13
-1014739
-2505326 (base 9) to base 12
-558273
Convert 507121 (base 13) to base 4.
13021002220
-3533413 (base 6) to base 9
-308680
What is 140728 (base 13) in base 3?
220201200221
Convert -12866 (base 10) to base 7.
-52340
-1aa97 (base 16) to base 4
-122222113
Convert 1000101101000001100 (base 2) to base 5.
33111241
Convert 32b6338 (base 12) to base 8.
44766534
458113 (base 13) to base 8
6216252
What is 3637b4 (base 15) in base 13?
6ca77a
What is -1450560 (base 7) in base 13?
-6b98b
Convert 1000012112222 (base 3) to base 10.
535490
d1915 (base 16) to base 2
11010001100100010101
-7029c (base 16) to base 6
-13502540
5800d5 (base 15) to base 10
4202075
Convert -12121101020111 (base 3) to base 4.
-23113130032
Convert 301748 (base 9) to base 11.
112111
113031222 (base 4) to base 16
1736a
Convert 23234411 (base 5) to base 10.
211856
Convert -2721234 (base 11) to base 5.
-2200420441
What is 42200031 (base 6) in base 14?
23da71
Convert -20b76bc (base 13) to base 9.
-20706837
-40960 (base 15) to base 16
-31f47
-17021555 (base 9) to base 13
-19c2a79
425011455 (base 6) to base 2
11100101010010011011011
What is -50319 (base 13) in base 12?
-6ab46
80a879 (base 13) to base 3
12122002200020
Convert 19b17b (base 12) to base 11.
290697
233933 (base 16) to base 15
308e88
Convert -7470a7 (base 16) to base 3.
-112100200210012
What is 4493636 (base 10) in base 13?
c14474
What is 21120021111 (base 3) in base 14?
3c3b0
What is -8cb1c0 (base 14) in base 12?
-1732470
-23011131 (base 6) to base 13
-1b7345
-99544 (base 14) to base 11
-23410a
Convert 3424011 (base 5) to base 3.
10002212010
2012010221 (base 3) to base 4
22201231
522547 (base 10) to base 7
4304314
What is -5543771 (base 8) in base 16?
-16c7f9
7066a (base 12) to base 10
146098
Convert 3787a (base 15) to base 2.
101011010100000111
What is 82a327 (base 13) in base 5?
1240044401
Convert 32301323 (base 4) to base 11.
41536
What is 1001100000100111010 (base 2) in base 3?
120211110010
Convert -20221021000 (base 3) to base 13.
-4a19c
160321345 (base 7) to base 4
221003121031
674784 (base 15) to base 16
4b2980
11153734 (base 9) to base 10
5409049
What is -36711565 (base 8) in base 10?
-8098677
What is 1343216 (base 7) in base 13?
6350c
Convert 101110001010112 (base 3) to base 2.
10101001011010101000110
-26405751 (base 8) to base 4
-112200233221
-52122234 (base 6) to base 7
-15532336
-151a849 (base 12) to base 8
-20222471
What is -24b9aba (base 12) in base 10?
-7212526
Convert -193897 (base 13) to base 9.
-1168881
-40a4c (base 16) to base 4
-1000221030
What is -10110000110101111 (base 2) in base 15?
-1bc63
Convert -2665810 (base 10) to base 14.
-4d5710
-3cd43 (base 14) to base 16
-24cff
-122000021202120 (base 3) to base 4
-202133010123
Convert 1442593 (base 10) to base 2.
101100000001100100001
What is 1222202201